s the greatest common divisor of o and 754?
26
Suppose 239316 = 73*f + 149*f + 9*f. Calculate the highest common factor of f and 56.
28
Let j(p) = -2*p**3 - p**2 + 10*p + 27. Suppose -283 + 268 = 5*s. Let q be j(s). What is the greatest common divisor of 238 and q?
14
Suppose 0 = 5*p - 24 + 104. Let y = -13 - p. Suppose 23 - 8 = y*h, 4*b + 3*h = 255. Calculate the highest common factor of 15 and b.
15
Let d(o) be the second derivative of -o**4/12 + 4*o**3/3 - 5*o**2/2 - 17*o. Let t be d(7). Calculate the highest common factor of 2 and t.
2
Let w(q) = 1698*q - 6648. Let y be w(6). What is the highest common divisor of y and 480?
60
Let h = -1567 + 3817. What is the greatest common divisor of 360 and h?
90
Suppose 0 = -2*h - 4*z + 94, 0 = 444*h - 449*h - 3*z + 263. Suppose l + 18 = 62. What is the highest common divisor of h and l?
11
Suppose -3*d + 438 = -3*t, 2*d + 3*t = 270 + 47. What is the highest common factor of 22197 and d?
151
Let q = 100 - 80. Suppose -2240 = -13*i + 6*i. What is the greatest common factor of i and q?
20
Let z = -40 - -34. Let i be (-1*1)/((-3)/z). Let x(m) = -53*m - 7. Let h be x(i). Calculate the greatest common divisor of h and 11.
11
Let a be 0*(-1)/(-4) - -166. Suppose -87*s = 250*s - 27971. Calculate the greatest common factor of s and a.
83
Let d(h) = h**3 + 44*h**2 + 191*h + 281. Let j be d(-39). What is the highest common factor of 589 and j?
19
Suppose -2*s - 6 = 0, -8*x - s = -3*x - 767. Suppose x + 81 = 5*v. Let l = -43 + v. What is the greatest common factor of 1 and l?
1
Let m(w) = -27*w - 34. Let t = 66 + -144. Let a = -86 - t. Let z be m(a). Calculate the highest common divisor of z and 14.
14
Let v be (-9)/36*188*-1. Let u be 329*(-2 - -3) - (0 - 0). What is the greatest common divisor of v and u?
47
Suppose -7*r = -5*r - 4. Suppose -r*c = -7 + 5. Let w(p) = 16*p**3 + p**2 - 2*p + 1. Let j be w(c). What is the highest common factor of 176 and j?
16
Let v(b) = -3*b**3 + 11*b**2 + 3*b + 8. Let w be v(3). Calculate the highest common factor of w and 3500.
35
Let s(l) = 2*l**2 - 108*l - 340. Let q be s(71). What is the greatest common factor of 238 and q?
34
Let l = -222 + 222. Suppose l = 9*a - 213 - 120. Let g = -114 - -410. What is the greatest common factor of g and a?
37
Let b(w) = -w**2 + w - 4. Let z be b(0). Let r be 1 - (-9 + 5 + z). What is the highest common divisor of r and 99?
9
Let d be -7*(-8)/28 + -116. Let i = d - -204. What is the greatest common factor of i and 36?
18
Suppose -2*i = -q - 31, 2*i + 5*q - 4 - 9 = 0. Suppose i*b + 28 = 112. Calculate the highest common factor of b and 75.
3
Let g(c) = -266*c + 272*c + c**3 + 3*c**2 - 43 - 13*c**2 - 2*c**2. Let r be g(12). Let w = -18 + r. What is the highest common divisor of w and 1?
1
Let b = -13728 - -14058. What is the highest common divisor of b and 930?
30
Let d be (-12 + (-432)/(-45))*-15. Calculate the highest common divisor of 207 and d.
9
Let x be 8/36 + (-596)/9. Let z be (785/10)/((-10)/10) + (-15)/6. Let g = x - z. Calculate the greatest common divisor of 105 and g.
15
Let z = 215 - 210. Suppose -4*b - 2*p = -302, -514 = -z*b - 4*p - 141. Calculate the highest common factor of b and 616.
77
Let x(s) = 82*s + 1. Let d be x(3). Let l(n) = 2*n**2 + 9*n - 124. Let j be l(-11). Calculate the greatest common factor of j and d.
19
Let o(y) = -701*y - 5512. Let s be o(-8). What is the highest common factor of 3240 and s?
24
Suppose -2*b + 64 = 7*p - 3*p, 2*p = 4*b + 12. Let i = -320 + 326. Suppose -236 = -i*q + 184. Calculate the highest common divisor of q and p.
14
Suppose -3*x - y - 323 = x, -y = 2*x + 161. Let r = 5130 + -5265. Let w = x - r. What is the greatest common divisor of w and 216?
54
Suppose 51*x - 45*x - 12 = 0. Suppose 4*g = 20, x*m + 5*g = 5*m - 56. Calculate the greatest common factor of 117 and m.
9
Let v be 1*-2*(85/(-10) + 0). Suppose -14 = -v*a + 15*a. Let w = a + 20. What is the highest common factor of w and 36?
9
Let g be (325 + 0)/((1 - 8)/7). Let k = 331 + g. Calculate the highest common factor of 3 and k.
3
Let h = -701 - -698. Let j be (1 - (2 + h))/(3 - 1). What is the highest common factor of 1 and j?
1
Let d be ((-14)/10)/(231042/(-5250) + 44). What is the highest common divisor of d and 2625?
175
Let s = 995 - 635. Let x = s + -329. Let i = 4 - -120. Calculate the greatest common divisor of x and i.
31
Let o(m) = -m**2 - 49*m - 124. Let t be o(-41). What is the highest common divisor of 744 and t?
12
Let l be 94198/8 - ((-2)/(-7) + 150/(-280)). What is the greatest common factor of l and 75?
75
Let t be ((-78)/91)/(4/(-42)). Suppose -t*a + 954 = 9. Calculate the highest common divisor of a and 70.
35
Let p be (-4)/18 + 120/54. Suppose 5*o - 37 = -p*c + 4*o, -4*c + 70 = -2*o. Suppose i + 1 = -u + 41, 3*i + 15 = 0. What is the highest common factor of u and c?
9
Let r = -2543 + 2588. Calculate the highest common factor of r and 1179.
9
Suppose 0 = 2*s + 2*u - 395 + 29, s - 186 = -4*u. Let d = 26451 - 26425. Calculate the greatest common divisor of d and s.
26
Suppose -2 + 0 = 2*p + 4*a, -3*a = 3*p. Let k be 6*p*7/2. Suppose 10*l = 5*s + 12*l - 101, 4*s + 5*l - 74 = 0. Calculate the greatest common factor of k and s.
21
Let w = -43367 - -43369. What is the highest common factor of w and 41?
1
Suppose -1382*f + 1410*f - 4508 = 0. What is the highest common divisor of 46 and f?
23
Suppose 803 = 5*f - 2*l + l, 5*f - 788 = -4*l. Let y = 262504 + -262454. Calculate the highest common divisor of f and y.
10
Let w be (0 - 1)*(-28 + -1). Suppose -5*d - 2*r + 427 = 288, 4*d - 110 = -2*r. Calculate the greatest common factor of d and w.
29
Suppose -26 = v - 3*v. Let a(c) = 47*c - 317. Suppose 4*m + 394 - 442 = 0. Let i be a(m). Calculate the greatest common divisor of i and v.
13
Let p(g) = 19 - 8 + 16*g - 23*g + 8*g. Let v(h) = 23*h**2 - 4*h + 3. Let y be v(1). Let r be p(y). Calculate the highest common factor of 11 and r.
11
Suppose 0 = 228*w - 778331 - 1296469. What is the highest common factor of w and 7?
7
Let t be 1/((-2892)/(-579) - 5). Let m = t + 201. What is the greatest common factor of m and 50?
2
Let j(t) = -2*t**3 - 20*t**2 + 13*t - 72. Let l be j(-11). Calculate the greatest common factor of l and 78.
3
Let y(w) = w**3 - 23*w**2 + 43*w + 43. Let d be y(22). Let n = -501 + d. Calculate the highest common factor of 292 and n.
4
Let z be (-2 - -3)*-1*-27. Let v(y) = -y**2 + 21*y - 42. Let k be v(z). Let a = 348 + k. Calculate the highest common divisor of 24 and a.
24
Let w(t) = -220*t + 4118. Let h be w(17). Let b be (2 + 1)*(37 + -1). Calculate the greatest common divisor of h and b.
54
Let n = -83 + 99. Let y = -158 + 214. What is the greatest common divisor of y and n?
8
Suppose -6*d = -10524 + 324. What is the highest common factor of 5 and d?
5
Suppose 0 = 4*l + 3*n + 48, 0*n - 3*n - 18 = 2*l. Let s be 5/(-60)*4*l. What is the highest common factor of 185 and s?
5
Let q be (-62)/(-22) + (-278)/(-1529). Calculate the greatest common divisor of 123 and q.
3
Let u = 3665 - 3260. Calculate the highest common divisor of 1485 and u.
135
Let l = 9311 + -3695. What is the greatest common factor of l and 18?
18
Let t = 115 + -127. Let d be 10/(-15) - 44/t. Suppose d*w = -q - 4*q + 210, 3*w + 15 = 0. What is the greatest common divisor of q and 10?
5
Suppose 2*f + 123 = -11. Suppose -29*k + 192 = -32*k. Let i = k - f. What is the highest common factor of 27 and i?
3
Suppose 4*h = g - 6, 4*g + 0*h - 38 = 2*h. Let f be 2/g*5 + 49. What is the greatest common divisor of f and 50?
50
Let i = 6 + 18. Let y(o) be the second derivative of 17*o**5/10 - o**3/2 - o**2 - 5*o. Let u be y(2). Calculate the highest common divisor of u and i.
24
Let k = -104 - -22. Let o be (1/(-2))/(1/k). Let v = -966 + 1171. What is the highest common factor of o and v?
41
Let h(r) = 69*r**2 + 203*r + 9. Let q be h(7). What is the greatest common divisor of 68 and q?
17
Suppose 9 = n - 3. Let f = n + 18. Suppose 0 = -2*z + 18*t - 23*t + 175, -325 = -4*z - 5*t. Calculate the greatest common factor of f and z.
15
Suppose -3*i - i = -48. Suppose -b - b = 4*h + i, -h - 6 = 2*b. Let y be b/(-24)*526 + 1/6. Calculate the highest common divisor of y and 352.
44
Let t(c) = 61*c - 883. Let y be t(19). Calculate the highest common divisor o